 -7*g + 3*a. Is g prime?
False
Let i = -6534 + 11948. Let c be (3 - -6889) + 3 + 4. Suppose 0 = -7*k + i + c. Is k composite?
False
Let j(i) = -166*i**3 - 6*i**2 + 1. Let y be j(-1). Let v = y - -26. Is v a prime number?
False
Let g(q) be the first derivative of q**3/3 + q**2/2 + 59*q - 128. Is g(37) a prime number?
False
Let f = 79 + -32. Let m = -44 + f. Suppose 0 = m*z + 3*d - 2643, -z + 4*d + 885 = 6*d. Is z a prime number?
True
Let m = -174 - -48. Let b = m + 379. Suppose -2*l - 605 = -5*j, 0*j + b = 2*j - 3*l. Is j prime?
False
Suppose -23*z + 2*u - 642788 = -25*z, -z + 321410 = -3*u. Suppose -18*j = -32*j + z. Is j a composite number?
True
Is (-27)/(-270)*(-15)/(-2)*341708/3 a composite number?
False
Let i = -76923 - -114903. Let h = i - 23585. Is h prime?
False
Let m(c) = -c**2 + 4*c - 3. Let r be m(3). Suppose b + 4 - 5 = -p, -2*p - b + 5 = r. Suppose p*o - 12 = 412. Is o prime?
False
Let h(i) = -i**3 + 7*i**2 - 6*i + 2. Let o be h(6). Is ((-9110)/(-5))/(o/4) - 1 a composite number?
False
Suppose 12*k + 11 = -2*x + 15*k, -2*x + 5*k = 21. Suppose -g = -m - x*m + 5601, 2*g + 9335 = 5*m. Is m prime?
True
Let g = -444 - -1113. Suppose -1800 = -3*r + g. Let d = r - -870. Is d a prime number?
True
Suppose 0 = -2*h + 4*r + 6, -14 = -4*h + 4*r + 2. Let o = 514 - 254. Let t = o + h. Is t a prime number?
False
Let k(u) = -2*u**2 - 6*u - 6. Let v be k(-3). Let z = v + 30. Suppose -3*j = -210 + z. Is j a prime number?
False
Let s(w) = -375*w + 7 + 38 + 8 - 890*w - 1433*w. Is s(-3) a prime number?
True
Let x(c) = -476*c**3 - 6*c**2 + 68*c + 305. Is x(-5) a composite number?
True
Let o = 16 - 2. Let y be (-4)/o - 2*(-872)/28. Let v = 283 - y. Is v composite?
True
Let n(z) = -5*z**3 + 22*z**2 - 8*z + 10. Let u(r) = r**3 - r**2 + r - 1. Let m(s) = n(s) + 6*u(s). Is m(-11) a composite number?
False
Let a = 9746 - 6403. Is a a prime number?
True
Let r(x) = -x**3 - 53*x**2 - 64*x - 170. Let i(c) = 2*c**3 - c**2 - 7*c - 10. Let p be i(-3). Is r(p) prime?
False
Let x = 2787 - 1585. Suppose -x = -u + 3*d, u - d - 858 = 346. Is u prime?
False
Let h(d) = -21*d**2 - 24*d + 12. Let g be h(-6). Is g/120 + (9237 - 1*-1) a composite number?
True
Let s(y) = 140*y**2 - 16*y + 105. Is s(-14) a prime number?
False
Suppose 658 = 5*u + 4*m, 4*m + 402 = 4*u - 146. Let j(c) = 74*c**2 - 4*c. Let n be j(-3). Suppose -u - n = -4*b. Is b a prime number?
False
Suppose -867620 = -12*v + 1095988. Is v a prime number?
False
Suppose 13*i + 82559 = 929548. Is i a composite number?
True
Let z be (-3978)/91 + 4/(-14). Let u = -40 - z. Suppose -5*n + u*n + 3 = 0, -5*g + 349 = -2*n. Is g prime?
True
Suppose 0 = j - 10 - 8. Let w(a) = -a**3 + a**2 + 2*a + 49. Let i be w(0). Let s = i - j. Is s composite?
False
Suppose 1 = 3*m - 5*n, -1 = -3*m + 4*n + 1. Suppose m*s + s - 4959 = 0. Suppose v - s = -4*g, 2*g - 3*v = -2*g + 1649. Is g prime?
False
Is (-33)/121 - 439264/(-44) composite?
True
Let j(d) = -487*d**3 - 2*d**2 - 19*d - 51. Is j(-5) a prime number?
True
Let i(m) = m**3 + 14*m**2 - m - 10. Let v be i(-14). Suppose -t + 509 - 92 = -v*k, 405 = t + 2*k. Is t a prime number?
True
Let c be (-1)/((-98)/(-33) - (14 - 11)). Suppose c = 4*h + x, 0 = 2*h - 2*x - 21 - 3. Is (4 - (-2067)/h)*3 composite?
False
Let d(x) = -127*x**3 - x**2 - 5*x - 4. Let b(u) = u**2 - 9*u - 54. Let a be b(13). Is d(a) a prime number?
False
Let l(r) be the third derivative of r**6/120 - 5*r**5/12 - 3*r**4 + 7*r**3/2 - 6*r**2 + r. Is l(29) prime?
True
Let c = -3199 + 7188. Is c a prime number?
True
Suppose 0 = 12*i - 21 - 3. Suppose 0 = -i*d - 4*x + 15800, -2*d - 3*d = -4*x - 39458. Is d composite?
True
Suppose m - 9 = -2*g, -8*g + 3*g - 5*m + 35 = 0. Suppose -g*k + 1464 - 2 = 2*q, 3*q + 12 = 0. Let o = -316 + k. Is o prime?
True
Let m(l) = 73*l**2 - 8*l + 9. Let r be m(4). Suppose 0 = 5*h + 775 + r. Let o = -91 - h. Is o composite?
False
Let o = 436 - 448. Is ((-4)/o - 0)*20415 composite?
True
Let n = -41 - 18. Let d = 59 + n. Is (211 - d)*(-1 + 2/1) a composite number?
False
Suppose -2*a - 272 = -282. Suppose -4*v + 2*v + 34114 = a*m, 0 = v + 5*m - 17052. Suppose 16*d - v + 2198 = 0. Is d composite?
False
Let d be (-2)/10 + -12 + 1075008/(-60). Let m = d + 32156. Is m composite?
True
Let h be 6/4*(-700)/(-42). Suppose 10*m - h = 5*m. Suppose -m*b - 301 = -1596. Is b a prime number?
False
Let j(l) = -57*l**3 - 3*l**2 - 20*l - 43. Let w be j(-4). Let r = 7788 - w. Is r a composite number?
True
Let v(c) be the third derivative of -c**6/40 - c**5/4 - 19*c**4/24 + 4*c**3/3 + 15*c**2. Suppose 4*p = -0*p - 36. Is v(p) prime?
True
Let r(i) = 2816*i + 2523. Is r(14) composite?
False
Let h be -2868*(-28)/(-21) - 5. Let p = h + 7608. Is p composite?
False
Let k(z) = 20*z**2 - 552*z + 19*z**2 - 15 + 264*z + 263*z. Is k(-13) a composite number?
True
Let m(f) = -f + 6. Let p be m(-2). Let r be 266/(-21)*(-12)/p. Let v = r + 64. Is v prime?
True
Suppose -u = 3*t - 4846, -5*u + 2*t - 5786 = -30135. Is u a composite number?
True
Let j(n) be the first derivative of 39*n**2/2 - 5*n - 407. Let h = -20 + 28. Is j(h) a composite number?
False
Is -3 + 125/45 + (-2694035)/(-9) - -2 composite?
True
Let c = 8 + -8. Suppose 5*g - 10*g - 5 = c, -5*d = 4*g - 171111. Is d prime?
False
Suppose -5*d - 85*f = -87*f - 354339, -f - 212603 = -3*d. Is d a prime number?
True
Let z(s) = -117388*s**3 - 3*s**2 + 137*s + 275. Is z(-2) a prime number?
False
Suppose 19*n - 2750 = -12554. Let k = 907 + n. Is k a composite number?
True
Suppose 8*b = 5*b - 60. Let u(f) = -f**3 - 20*f**2 - 12*f - 49. Is u(b) a prime number?
True
Let k = 2353 - 75. Suppose 90*c - 92*c = -k. Is c prime?
False
Let y be (9 + -12)/(1 + -2). Suppose y*k + o = 6663 - 475, 3*o + 2066 = k. Is k prime?
True
Suppose 5*q - 426840 = 5*k, q - 5*k = -10229 + 95625. Is q composite?
False
Is ((-27 - 19)/92)/((-1)/416938) a prime number?
True
Suppose -5*a = 5*i - 35, 3*a - 9 = 8*i - 9*i. Let q(h) = i*h - h + 16*h + 6*h - 4. Is q(3) a composite number?
True
Suppose -6238557 - 35596378 = -47*b. Is b a prime number?
False
Let d(n) = 24*n + 35. Suppose 369*o + 50 = 371*o. Is d(o) composite?
True
Suppose 0 = 8*c - c + 21, 16618 = q - 5*c. Is q a composite number?
False
Suppose 11*v - 2568732 = -5*q, 2*q - 3*v = 105008 + 922433. Is q a composite number?
False
Suppose -2088*k - 28412561 = -2185*k. Is k prime?
False
Suppose 0 = 3*w + 3*w - 12. Suppose 4*l + i = -2*i + 12, w*i + 12 = 4*l. Is 1902/(-9)*l/(-2) a composite number?
False
Let z(g) = 5 - 3*g - 2 + 2 + 10*g**2 + 25*g**2. Let p be z(3). Suppose -n + p = -56. Is n composite?
False
Let r(v) = 8*v**2 - 9*v - 346. Is r(21) a prime number?
False
Let v = 65035 - -83552. Is v a prime number?
False
Suppose -5*n - 2705 = -15*g + 20*g, -2*n + 3*g = 1102. Let t = 3840 + n. Is t a composite number?
True
Let m(o) = -1487*o + 53. Let l be m(-18). Let s = -18328 + l. Is s prime?
False
Is (1498/(-28))/(1/(-998)) a composite number?
True
Let a(z) = 159*z**3 + 2*z**2 + 17*z - 65. Is a(3) a prime number?
True
Let j(w) = 322*w**2 - 7*w - 1. Is j(-12) prime?
True
Let c(a) = 15*a**2 - 7*a + 48. Let q be c(23). Let u = q + -4531. Suppose 3*k + 0*k = u. Is k prime?
True
Suppose -40*s - 178*s + 14160626 = 0. Is s composite?
True
Let g(z) = 10*z**3 - z**2 + 2*z - 21. Let r(p) = -30*p**3 + 3*p**2 - 6*p + 62. Let t(n) = -8*g(n) - 3*r(n). Is t(11) a composite number?
True
Let u = 73 + -65. Let c be ((-28)/u - -4)*(-6004)/(-2). Suppose 4*z = -12, 3*d - c - 989 = z. Is d a prime number?
True
Suppose 32 = -2*w - v, -3*w - 37 = v + 11. Is -1901*(-2)/(w/(-40)) a composite number?
True
Let v = 2178489 - 500008. Is v composite?
True
Suppose -5*s - 2*x = 6022, 3*s = -s - 5*x - 4804. Let d be 15/2*(s/(-15) - 0). Is 4/(12/d) + (5 - 3) a composite number?
True
Suppose 5*s - 909 + 349 = 5*n, 0 = s + 2*n - 118. Suppose 0*l - s = 6*l. Let k(y) = -y**3 - 20*y**2 - 23*y + 21. Is k(l) a composite number?
False
Let r = 674 + -756. Is 70774/4 + 41/r a composite number?
True
Is 336363 - (6 + -42)/(-9) composite?
True
Let p be 6/((-24)/20) + 4433. Suppose -4*f = -7385 + 285. Let o = p - f. Is o prime?
False
Suppose 0 = 6*o - 2*o + 5*t - 17, -2*o + 2*t = 14. Is (239 + o)/((-51)/(-221)) a prime number?
False
Suppose -5*m + 100100 = 5*s, 0 = -33*s + 37*s + 4. Is m prime?
True
Suppose -70*h 